isor of 245 and 1585591?
49
Calculate the greatest common divisor of 2329 and 50047881.
2329
Calculate the greatest common factor of 224 and 1201879.
7
Calculate the highest common factor of 48754828 and 1206.
134
Calculate the greatest common factor of 8787 and 532846.
29
What is the greatest common factor of 16674 and 22512679?
2779
Calculate the highest common divisor of 22524424 and 304.
152
Calculate the highest common divisor of 1257756 and 575166.
2238
Calculate the greatest common factor of 10506 and 132526186.
3502
What is the greatest common divisor of 159054268 and 296?
148
What is the highest common factor of 32 and 37973568?
32
Calculate the highest common divisor of 57520 and 174960.
80
What is the greatest common divisor of 261972 and 448876?
1532
Calculate the highest common divisor of 25807490 and 10.
10
Calculate the highest common factor of 1241362 and 13532.
398
Calculate the highest common divisor of 18599 and 703347755.
2657
What is the highest common divisor of 3343141914 and 294?
294
Calculate the highest common factor of 11992402 and 4.
2
What is the highest common divisor of 513 and 2827818?
27
What is the greatest common factor of 73353 and 1777937?
3493
What is the highest common factor of 293210739 and 23?
23
What is the highest common factor of 33963895 and 27181?
2471
What is the greatest common divisor of 228484 and 2868?
956
Calculate the greatest common divisor of 255833557 and 196.
49
Calculate the highest common divisor of 15888 and 7030109.
331
What is the greatest common factor of 4 and 346596596?
4
Calculate the greatest common divisor of 15 and 31506265.
5
What is the greatest common factor of 5409906 and 18?
6
What is the highest common divisor of 37106420 and 1720?
860
Calculate the greatest common factor of 269112 and 1.
1
What is the highest common factor of 1974 and 177318498?
1974
Calculate the highest common factor of 5464 and 14956334.
1366
What is the greatest common divisor of 11396 and 24960089?
2849
Calculate the greatest common factor of 14372160 and 50160.
2640
Calculate the highest common factor of 420161 and 85113.
1351
What is the greatest common factor of 32185 and 100681117?
6437
What is the highest common factor of 2807250 and 600?
150
What is the highest common factor of 1160805 and 19545?
15
What is the greatest common divisor of 4167317 and 176?
11
Calculate the greatest common factor of 50661175 and 75.
25
Calculate the highest common factor of 5412 and 384384.
132
What is the highest common factor of 20796383 and 1?
1
Calculate the highest common divisor of 26563 and 264923.
101
Calculate the highest common factor of 21636016 and 2892.
964
Calculate the greatest common divisor of 15878594 and 1146.
382
Calculate the greatest common factor of 1155535 and 590.
5
What is the highest common divisor of 16 and 29129816?
8
Calculate the greatest common divisor of 1058 and 58127992.
46
Calculate the highest common divisor of 3927 and 45072489.
231
Calculate the highest common divisor of 1445 and 102052445.
85
Calculate the greatest common divisor of 1440 and 4141845.
45
What is the highest common factor of 756717 and 20475?
39
Calculate the highest common factor of 11565 and 61240530.
3855
What is the highest common divisor of 114166758 and 40278?
822
What is the greatest common divisor of 401929 and 2790741?
599
Calculate the greatest common divisor of 5168 and 3722898.
646
Calculate the highest common divisor of 693633 and 17802.
129
Calculate the highest common divisor of 25613493 and 2124.
177
What is the greatest common factor of 45829 and 149926?
7
What is the highest common divisor of 59062278 and 2178?
726
Calculate the greatest common factor of 14 and 1312003.
7
Calculate the highest common divisor of 32861568 and 384.
384
Calculate the greatest common factor of 141783 and 1245483.
849
Calculate the highest common divisor of 943 and 533697.
41
What is the highest common factor of 1795 and 75478673?
359
Calculate the greatest common factor of 790 and 10903738.
158
What is the highest common factor of 63225 and 489221?
281
Calculate the greatest common factor of 2590 and 203455.
35
What is the highest common factor of 30092569 and 4615?
923
What is the highest common factor of 44902891 and 14828?
3707
Calculate the greatest common divisor of 182 and 3405597.
13
What is the highest common factor of 5144 and 220216?
8
Calculate the highest common factor of 2880 and 7330815.
45
Calculate the greatest common divisor of 1569140 and 32160.
1340
What is the greatest common factor of 36 and 159454620?
36
What is the greatest common divisor of 30 and 615226614?
6
Calculate the highest common divisor of 18275 and 42183.
43
What is the highest common factor of 5913073 and 219?
73
Calculate the highest common factor of 23005521 and 189.
63
What is the highest common factor of 126 and 600144237?
63
What is the highest common divisor of 163171 and 236?
1
What is the highest common factor of 276955 and 107765?
35
Calculate the greatest common factor of 24369 and 418748773.
8123
Calculate the greatest common factor of 8220699 and 198.
9
Calculate the highest common factor of 6 and 737742.
6
What is the greatest common factor of 226248669 and 36?
9
Calculate the highest common factor of 40136 and 44921.
29
What is the highest common divisor of 4040 and 478360?
40
What is the greatest common factor of 23552784 and 81?
9
Calculate the greatest common factor of 16590 and 3521346.
474
Calculate the highest common factor of 1211440 and 760.
760
What is the greatest common divisor of 249571568 and 2?
2
What is the highest common factor of 144232 and 703615?
121
What is the highest common factor of 44 and 122976106?
22
What is the greatest common factor of 26672359 and 987?
329
Calculate the greatest common divisor of 133749 and 16038.
99
Calculate the highest common divisor of 369681 and 273.
39
Calculate the highest common divisor of 459489 and 1069619.
97
What is the greatest common divisor of 823020 and 158412?
516
Calculate the highest common divisor of 10416 and 15703422.
1302
What is the greatest common factor of 14644754 and 548462?
8186
What is the highest common divisor of 3496 and 191171768?
3496
What is the highest common divisor of 1150051359 and 23?
23
Calculate the highest common divisor of 488 and 1073365394.
122
Calculate the highest common divisor of 10994672 and 32.
16
Calculate the highest common factor of 45972 and 2228365.
1277
What is the greatest common factor of 2646 and 1331673?
147
Calculate the highest common divisor of 230528 and 36.
4
Calculate the highest common factor of 37432242 and 76.
38
What is the highest common divisor of 323 and 82067840?
323
What is the highest common divisor of 7119682 and 2752?
86
Calculate the highest common divisor of 266 and 28634444.
38
Calculate the greatest common divisor of 8284194 and 270.
54
Calculate the highest common divisor of 24 and 66940260.
12
Calculate the greatest common divisor of 603906 and 624990.
1506
Calculate the highest common divisor of 761823938 and 6753.
2251
What is the greatest common factor of 90 and 2547410?
10
Calculate the greatest common factor of 59512310 and 1430.
1430
What is the greatest common factor of 2337 and 659835591?
2337
What is the greatest common factor of 138483 and 1378827?
207
Calculate the greatest common divisor of 168 and 2851044.
84
Calculate the highest common factor of 22695 and 16303.
17
Calculate the highest common factor of 26737765 and 10.
5
Calculate the highest common divisor of 7 and 29659.
7
What is the greatest common factor of 38336 and 294025140?
2396
Calculate the highest common factor of 17457693 and 10153.
781
Calculate the greatest common factor of 47 and 23814853.
47
Calculate the greatest common divisor of 1386 and 7590528.
198
What is the highest common divisor of 928887652 and 28?
28
Calculate the highest common factor of 16 and 40773952.
16
What is the greatest common divisor of 2998 and 3695035?
1499
Calculate the highest common factor of 242987 and 1464677.
193
Calculate the greatest common divisor of 1894956 and 135048.
204
Calculate the highest common divisor of 135039147 and 8940.
447
Calculate the highest common divisor of 9600 and 229248.
384
Calculate the h